[INFO] fetching crate kakistocracy 0.1.0...
[INFO] building kakistocracy-0.1.0 against master#ff34b919075f35a1787659e9c448a34b06bab8de for issue-85264
[INFO] extracting crate kakistocracy 0.1.0 into /workspace/builds/worker-2/source
[INFO] validating manifest of crates.io crate kakistocracy 0.1.0 on toolchain ff34b919075f35a1787659e9c448a34b06bab8de
[INFO] running `Command { std: "/workspace/cargo-home/bin/cargo" "+ff34b919075f35a1787659e9c448a34b06bab8de" "metadata" "--manifest-path" "Cargo.toml" "--no-deps", kill_on_drop: false }`
[INFO] started tweaking crates.io crate kakistocracy 0.1.0
[INFO] finished tweaking crates.io crate kakistocracy 0.1.0
[INFO] tweaked toml for crates.io crate kakistocracy 0.1.0 written to /workspace/builds/worker-2/source/Cargo.toml
[INFO] crate crates.io crate kakistocracy 0.1.0 already has a lockfile, it will not be regenerated
[INFO] running `Command { std: "/workspace/cargo-home/bin/cargo" "+ff34b919075f35a1787659e9c448a34b06bab8de" "fetch" "--manifest-path" "Cargo.toml", kill_on_drop: false }`
[INFO] running `Command { std: "docker" "create" "-v" "/var/lib/crater-agent-workspace/builds/worker-2/target:/opt/rustwide/target:rw,Z" "-v" "/var/lib/crater-agent-workspace/builds/worker-2/source:/opt/rustwide/workdir:ro,Z" "-v" "/var/lib/crater-agent-workspace/cargo-home:/opt/rustwide/cargo-home:ro,Z" "-v" "/var/lib/crater-agent-workspace/rustup-home:/opt/rustwide/rustup-home:ro,Z" "-e" "SOURCE_DIR=/opt/rustwide/workdir" "-e" "CARGO_TARGET_DIR=/opt/rustwide/target" "-e" "CARGO_HOME=/opt/rustwide/cargo-home" "-e" "RUSTUP_HOME=/opt/rustwide/rustup-home" "-w" "/opt/rustwide/workdir" "-m" "1610612736" "--user" "0:0" "--network" "none" "ghcr.io/rust-lang/crates-build-env/linux@sha256:20528e8c29e4536546f0102ce88568b16ea7538393a33fcca951030f7af10457" "/opt/rustwide/cargo-home/bin/cargo" "+ff34b919075f35a1787659e9c448a34b06bab8de" "metadata" "--no-deps" "--format-version=1", kill_on_drop: false }`
[INFO] [stdout] f73e2ab685763aa2ae62a292984e68d0df404098733962c69eaea414250eee9d
[INFO] [stderr] WARNING: Your kernel does not support swap limit capabilities or the cgroup is not mounted. Memory limited without swap.
[INFO] running `Command { std: "docker" "start" "-a" "f73e2ab685763aa2ae62a292984e68d0df404098733962c69eaea414250eee9d", kill_on_drop: false }`
[INFO] running `Command { std: "docker" "inspect" "f73e2ab685763aa2ae62a292984e68d0df404098733962c69eaea414250eee9d", kill_on_drop: false }`
[INFO] running `Command { std: "docker" "rm" "-f" "f73e2ab685763aa2ae62a292984e68d0df404098733962c69eaea414250eee9d", kill_on_drop: false }`
[INFO] [stdout] f73e2ab685763aa2ae62a292984e68d0df404098733962c69eaea414250eee9d
[INFO] running `Command { std: "docker" "create" "-v" "/var/lib/crater-agent-workspace/builds/worker-2/target:/opt/rustwide/target:rw,Z" "-v" "/var/lib/crater-agent-workspace/builds/worker-2/source:/opt/rustwide/workdir:ro,Z" "-v" "/var/lib/crater-agent-workspace/cargo-home:/opt/rustwide/cargo-home:ro,Z" "-v" "/var/lib/crater-agent-workspace/rustup-home:/opt/rustwide/rustup-home:ro,Z" "-e" "SOURCE_DIR=/opt/rustwide/workdir" "-e" "CARGO_TARGET_DIR=/opt/rustwide/target" "-e" "CARGO_INCREMENTAL=0" "-e" "RUST_BACKTRACE=full" "-e" "RUSTFLAGS=--cap-lints=forbid" "-e" "CARGO_HOME=/opt/rustwide/cargo-home" "-e" "RUSTUP_HOME=/opt/rustwide/rustup-home" "-w" "/opt/rustwide/workdir" "-m" "1610612736" "--user" "0:0" "--network" "none" "ghcr.io/rust-lang/crates-build-env/linux@sha256:20528e8c29e4536546f0102ce88568b16ea7538393a33fcca951030f7af10457" "/opt/rustwide/cargo-home/bin/cargo" "+ff34b919075f35a1787659e9c448a34b06bab8de" "build" "--frozen" "--message-format=json", kill_on_drop: false }`
[INFO] [stdout] 00b549123e8c0e3a4f4df74ffdf5e53f158535ad5ba4519385ea2fe75c07b916
[INFO] [stderr] WARNING: Your kernel does not support swap limit capabilities or the cgroup is not mounted. Memory limited without swap.
[INFO] running `Command { std: "docker" "start" "-a" "00b549123e8c0e3a4f4df74ffdf5e53f158535ad5ba4519385ea2fe75c07b916", kill_on_drop: false }`
[INFO] [stderr]    Compiling kakistocracy v0.1.0 (/opt/rustwide/workdir)
[INFO] [stderr]     Finished dev [unoptimized + debuginfo] target(s) in 0.31s
[INFO] running `Command { std: "docker" "inspect" "00b549123e8c0e3a4f4df74ffdf5e53f158535ad5ba4519385ea2fe75c07b916", kill_on_drop: false }`
[INFO] running `Command { std: "docker" "rm" "-f" "00b549123e8c0e3a4f4df74ffdf5e53f158535ad5ba4519385ea2fe75c07b916", kill_on_drop: false }`
[INFO] [stdout] 00b549123e8c0e3a4f4df74ffdf5e53f158535ad5ba4519385ea2fe75c07b916
[INFO] running `Command { std: "docker" "create" "-v" "/var/lib/crater-agent-workspace/builds/worker-2/target:/opt/rustwide/target:rw,Z" "-v" "/var/lib/crater-agent-workspace/builds/worker-2/source:/opt/rustwide/workdir:ro,Z" "-v" "/var/lib/crater-agent-workspace/cargo-home:/opt/rustwide/cargo-home:ro,Z" "-v" "/var/lib/crater-agent-workspace/rustup-home:/opt/rustwide/rustup-home:ro,Z" "-e" "SOURCE_DIR=/opt/rustwide/workdir" "-e" "CARGO_TARGET_DIR=/opt/rustwide/target" "-e" "CARGO_INCREMENTAL=0" "-e" "RUST_BACKTRACE=full" "-e" "RUSTFLAGS=--cap-lints=forbid" "-e" "CARGO_HOME=/opt/rustwide/cargo-home" "-e" "RUSTUP_HOME=/opt/rustwide/rustup-home" "-w" "/opt/rustwide/workdir" "-m" "1610612736" "--user" "0:0" "--network" "none" "ghcr.io/rust-lang/crates-build-env/linux@sha256:20528e8c29e4536546f0102ce88568b16ea7538393a33fcca951030f7af10457" "/opt/rustwide/cargo-home/bin/cargo" "+ff34b919075f35a1787659e9c448a34b06bab8de" "test" "--frozen" "--no-run" "--message-format=json", kill_on_drop: false }`
[INFO] [stdout] 0a00be1efe92458d575e4880202fdcdeb46f37f6f5632e05c05200273fc0f067
[INFO] [stderr] WARNING: Your kernel does not support swap limit capabilities or the cgroup is not mounted. Memory limited without swap.
[INFO] running `Command { std: "docker" "start" "-a" "0a00be1efe92458d575e4880202fdcdeb46f37f6f5632e05c05200273fc0f067", kill_on_drop: false }`
[INFO] [stderr]    Compiling kakistocracy v0.1.0 (/opt/rustwide/workdir)
[INFO] [stdout] error[E0432]: unresolved import `kakistocracy::windows`
[INFO] [stdout]  --> examples/message_loop_only.rs:3:19
[INFO] [stdout]   |
[INFO] [stdout] 3 | use kakistocracy::windows::*;
[INFO] [stdout]   |                   ^^^^^^^ could not find `windows` in `kakistocracy`
[INFO] [stdout] 
[INFO] [stdout] 
[INFO] [stdout] error[E0425]: cannot find function `post_quit_message` in this scope
[INFO] [stdout]  --> examples/message_loop_only.rs:6:5
[INFO] [stdout]   |
[INFO] [stdout] 6 |     post_quit_message(-42);
[INFO] [stdout]   |     ^^^^^^^^^^^^^^^^^ not found in this scope
[INFO] [stdout] 
[INFO] [stdout] 
[INFO] [stdout] error[E0425]: cannot find function `message_loop_until_wm_quit` in this scope
[INFO] [stdout]  --> examples/message_loop_only.rs:7:16
[INFO] [stdout]   |
[INFO] [stdout] 7 |     let exit = message_loop_until_wm_quit();
[INFO] [stdout]   |                ^^^^^^^^^^^^^^^^^^^^^^^^^^ not found in this scope
[INFO] [stdout] 
[INFO] [stdout] 
[INFO] [stdout] error: aborting due to 3 previous errors
[INFO] [stdout] 
[INFO] [stdout] 
[INFO] [stdout] Some errors have detailed explanations: E0425, E0432.
[INFO] [stdout] 
[INFO] [stdout] For more information about an error, try `rustc --explain E0425`.
[INFO] [stdout] 
[INFO] [stderr] error: could not compile `kakistocracy`
[INFO] [stderr] 
[INFO] [stderr] To learn more, run the command again with --verbose.
[INFO] [stderr] warning: build failed, waiting for other jobs to finish...
[INFO] [stderr] error: build failed
[INFO] running `Command { std: "docker" "inspect" "0a00be1efe92458d575e4880202fdcdeb46f37f6f5632e05c05200273fc0f067", kill_on_drop: false }`
[INFO] running `Command { std: "docker" "rm" "-f" "0a00be1efe92458d575e4880202fdcdeb46f37f6f5632e05c05200273fc0f067", kill_on_drop: false }`
[INFO] [stdout] 0a00be1efe92458d575e4880202fdcdeb46f37f6f5632e05c05200273fc0f067
